{"id":41,"date":"2019-08-14T11:47:05","date_gmt":"2019-08-14T09:47:05","guid":{"rendered":"http:\/\/practiques-qes.recursos.uoc.edu\/guia-per-als-tutors-de-practiques-professionals\/?page_id=41"},"modified":"2019-08-14T11:47:05","modified_gmt":"2019-08-14T09:47:05","slug":"4-requisits-dels-centres-practiques","status":"publish","type":"page","link":"http:\/\/practiques-qes.recursos.uoc.edu\/guia-per-als-tutors-de-practiques-professionals\/4-requisits-dels-centres-practiques\/","title":{"rendered":"4. Requisits dels centres pr\u00e0ctiques"},"content":{"rendered":"<p>En aquesta assignatura, l\u2019estudiant realitza pr\u00e0ctiques <strong>presencials en un centre de pr\u00e0ctiques<\/strong>.<\/p>\n<p>Aquest centre pot ser una unitat o oficina t\u00e8cnica de qualitat d\u2019institucions i empreses d\u2019educaci\u00f3 de nivell superior, p\u00fabliques o privades, o d\u2019una ag\u00e8ncia de qualitat.<\/p>\n<p>Per poder ser un centre de pr\u00e0ctiques cal complir els requisits seg\u00fcent:<\/p>\n<ul>\n<li>Estar contextualitzat en l\u2019educaci\u00f3 superior.<\/li>\n<li>Disposar d\u2019una persona que pugui assumir el rol de tutor o tutora i per aix\u00f2 caldr\u00e0 una dedicaci\u00f3 m\u00ednima a l\u2019estudiant que realitzar\u00e0 les pr\u00e0ctiques durant 75 hores a la instituci\u00f3.<\/li>\n<li>Disposar de les instal\u00b7lacions adequades per facilitar la feina de l\u2019estudiant.<\/li>\n<li>Proveir l\u2019estudiant dels mitjans i recursos adequats per a la posada en pr\u00e0ctica de les seves tasques amb \u00e8xit.<\/li>\n<\/ul>\n<p>A m\u00e9s a m\u00e9s, seria bo que el centre de pr\u00e0ctiques permet\u00e9s l\u2019estudiant posar en joc compet\u00e8ncies de resoluci\u00f3 de problemes i presa de decisions, considerant els diferents factors i condicions existents i fent front a les mateixes ambig\u00fcitats, incerteses i complexitats que es trobaria en un entorn laboral.<\/p>\n","protected":false},"excerpt":{"rendered":"<p>En aquesta assignatura, l\u2019estudiant realitza pr\u00e0ctiques presencials en un centre de pr\u00e0ctiques. Aquest centre pot ser una unitat o oficina t\u00e8cnica de qualitat d\u2019institucions i empreses d\u2019educaci\u00f3 de nivell superior, p\u00fabliques o privades, o d\u2019una ag\u00e8ncia de qualitat. Per poder ser un centre de pr\u00e0ctiques cal complir els requisits seg\u00fcent: Estar contextualitzat en l\u2019educaci\u00f3 superior. [&hellip;]<\/p>\n","protected":false},"author":1,"featured_media":0,"parent":0,"menu_order":0,"comment_status":"closed","ping_status":"closed","template":"","meta":[],"_links":{"self":[{"href":"http:\/\/practiques-qes.recursos.uoc.edu\/guia-per-als-tutors-de-practiques-professionals\/wp-json\/wp\/v2\/pages\/41"}],"collection":[{"href":"http:\/\/practiques-qes.recursos.uoc.edu\/guia-per-als-tutors-de-practiques-professionals\/wp-json\/wp\/v2\/pages"}],"about":[{"href":"http:\/\/practiques-qes.recursos.uoc.edu\/guia-per-als-tutors-de-practiques-professionals\/wp-json\/wp\/v2\/types\/page"}],"author":[{"embeddable":true,"href":"http:\/\/practiques-qes.recursos.uoc.edu\/guia-per-als-tutors-de-practiques-professionals\/wp-json\/wp\/v2\/users\/1"}],"replies":[{"embeddable":true,"href":"http:\/\/practiques-qes.recursos.uoc.edu\/guia-per-als-tutors-de-practiques-professionals\/wp-json\/wp\/v2\/comments?post=41"}],"version-history":[{"count":1,"href":"http:\/\/practiques-qes.recursos.uoc.edu\/guia-per-als-tutors-de-practiques-professionals\/wp-json\/wp\/v2\/pages\/41\/revisions"}],"predecessor-version":[{"id":48,"href":"http:\/\/practiques-qes.recursos.uoc.edu\/guia-per-als-tutors-de-practiques-professionals\/wp-json\/wp\/v2\/pages\/41\/revisions\/48"}],"wp:attachment":[{"href":"http:\/\/practiques-qes.recursos.uoc.edu\/guia-per-als-tutors-de-practiques-professionals\/wp-json\/wp\/v2\/media?parent=41"}],"curies":[{"name":"wp","href":"https:\/\/api.w.org\/{rel}","templated":true}]}}