{"id":81,"date":"2019-08-14T12:25:37","date_gmt":"2019-08-14T10:25:37","guid":{"rendered":"http:\/\/practiques-qes.recursos.uoc.edu\/guia-per-als-estudiants-de-practiques-professionals\/?page_id=81"},"modified":"2019-08-14T12:25:37","modified_gmt":"2019-08-14T10:25:37","slug":"7-perfil-professional","status":"publish","type":"page","link":"http:\/\/practiques-qes.recursos.uoc.edu\/guia-per-als-estudiants-de-practiques-professionals\/7-perfil-professional\/","title":{"rendered":"7. Perfil professional"},"content":{"rendered":"<p>El personal t\u00e8cnic o responsable de la gesti\u00f3 i l\u2019avaluaci\u00f3 en una organitzaci\u00f3 d\u2019educaci\u00f3 superior \u00e9s una persona professional capa\u00e7 de desenvolupar els aspectes seg\u00fcents:<\/p>\n<ul>\n<li>Entrar en contacte amb un entorn on es pugui observar el treball elaborat pels responsables de qualitat en diferents \u00e0rees.<\/li>\n<li>Adquirir les habilitats necess\u00e0ries per treballar juntament amb equips on participi personal del m\u00f3n acad\u00e8mic i de la gesti\u00f3 acad\u00e8mica.<\/li>\n<li>Posar en pr\u00e0ctica els coneixements i les compet\u00e8ncies adquirits per preparar un informe d\u2019avaluaci\u00f3 interna \/ externa.<\/li>\n<li>Analitzar i interpretar diferents metodologies d\u2019avaluaci\u00f3.<\/li>\n<li>Fer una avaluaci\u00f3 interna adequada.<\/li>\n<li>Analitzar i comprendre el sistema de qualitat interna de la instituci\u00f3.<\/li>\n<li>Proposar o analitzar quadres d\u2019indicadors pertinents.<\/li>\n<\/ul>\n","protected":false},"excerpt":{"rendered":"<p>El personal t\u00e8cnic o responsable de la gesti\u00f3 i l\u2019avaluaci\u00f3 en una organitzaci\u00f3 d\u2019educaci\u00f3 superior \u00e9s una persona professional capa\u00e7 de desenvolupar els aspectes seg\u00fcents: Entrar en contacte amb un entorn on es pugui observar el treball elaborat pels responsables de qualitat en diferents \u00e0rees. Adquirir les habilitats necess\u00e0ries per treballar juntament amb equips on [&hellip;]<\/p>\n","protected":false},"author":1,"featured_media":0,"parent":0,"menu_order":0,"comment_status":"closed","ping_status":"closed","template":"","meta":[],"_links":{"self":[{"href":"http:\/\/practiques-qes.recursos.uoc.edu\/guia-per-als-estudiants-de-practiques-professionals\/wp-json\/wp\/v2\/pages\/81"}],"collection":[{"href":"http:\/\/practiques-qes.recursos.uoc.edu\/guia-per-als-estudiants-de-practiques-professionals\/wp-json\/wp\/v2\/pages"}],"about":[{"href":"http:\/\/practiques-qes.recursos.uoc.edu\/guia-per-als-estudiants-de-practiques-professionals\/wp-json\/wp\/v2\/types\/page"}],"author":[{"embeddable":true,"href":"http:\/\/practiques-qes.recursos.uoc.edu\/guia-per-als-estudiants-de-practiques-professionals\/wp-json\/wp\/v2\/users\/1"}],"replies":[{"embeddable":true,"href":"http:\/\/practiques-qes.recursos.uoc.edu\/guia-per-als-estudiants-de-practiques-professionals\/wp-json\/wp\/v2\/comments?post=81"}],"version-history":[{"count":1,"href":"http:\/\/practiques-qes.recursos.uoc.edu\/guia-per-als-estudiants-de-practiques-professionals\/wp-json\/wp\/v2\/pages\/81\/revisions"}],"predecessor-version":[{"id":82,"href":"http:\/\/practiques-qes.recursos.uoc.edu\/guia-per-als-estudiants-de-practiques-professionals\/wp-json\/wp\/v2\/pages\/81\/revisions\/82"}],"wp:attachment":[{"href":"http:\/\/practiques-qes.recursos.uoc.edu\/guia-per-als-estudiants-de-practiques-professionals\/wp-json\/wp\/v2\/media?parent=81"}],"curies":[{"name":"wp","href":"https:\/\/api.w.org\/{rel}","templated":true}]}}