{"id":70,"date":"2019-08-14T12:22:49","date_gmt":"2019-08-14T10:22:49","guid":{"rendered":"http:\/\/practiques-qes.recursos.uoc.edu\/guia-per-als-estudiants-de-practiques-professionals\/?page_id=70"},"modified":"2019-10-14T11:31:49","modified_gmt":"2019-10-14T09:31:49","slug":"5-criteris-reconeixements-experiencia-professional","status":"publish","type":"page","link":"http:\/\/practiques-qes.recursos.uoc.edu\/guia-per-als-estudiants-de-practiques-professionals\/5-criteris-reconeixements-experiencia-professional\/","title":{"rendered":"5. Convalidaci\u00f3 de l&#8217;experi\u00e8ncia professional"},"content":{"rendered":"<p>Aquest programa de m\u00e0ster podr\u00e0 recon\u00e8ixer fins a un m\u00e0xim de 6 ECTS per l\u2019experi\u00e8ncia professional pr\u00e8via segons el que recull la taula seg\u00fcent:<\/p>\n<table width=\"605\">\n<tbody>\n<tr class=\"table-header\">\n<td width=\"183\">Rol professional<\/td>\n<td width=\"117\">Assignatures<\/td>\n<td width=\"126\">Requisits<\/td>\n<td width=\"180\">Documentaci\u00f3<\/td>\n<\/tr>\n<tr>\n<td width=\"183\">Personal t\u00e8cnic d\u2019ag\u00e8ncies de qualitat.<\/td>\n<td width=\"117\">Pr\u00e0ctiques (6cr).<\/td>\n<td width=\"126\">M\u00ednim de 3 anys desenvolupant funcions pr\u00f2pies.<\/td>\n<td width=\"180\">Vida laboral o equivalent en la qual constin els anys treballats i el detall de les funcions exercides.<\/p>\n<p>Autoinforme que justifiqui les compet\u00e8ncies assolides, relacionades amb les proves que s\u2019aportin.<\/p>\n<p>Guies o documents i recursos publicats en els quals hagi participat.<\/p>\n<p>Certificat de l\u2019ag\u00e8ncia, universitat o empresa que especifiqui les funcions, els \u00e8xits i la participaci\u00f3 concreta en publicacions i projectes.<\/td>\n<\/tr>\n<tr>\n<td width=\"183\">Personal t\u00e8cnic d\u2019unitats de qualitat d\u2019institucions d\u2019educaci\u00f3 superior.<\/td>\n<td width=\"117\">Pr\u00e0ctiques (6cr).<\/td>\n<td width=\"126\">M\u00ednim de 3 anys desenvolupant funcions pr\u00f2pies en universitats o empreses de formaci\u00f3.<\/td>\n<td width=\"180\">Vida laboral o equivalent en la qual constin els anys treballats i el detall de les funcions exercides.<\/p>\n<p>Autoinforme que justifiqui les compet\u00e8ncies assolides, relacionades amb les proves que s\u2019aportin.<\/p>\n<p>Guies o documents i recursos publicats en els quals hagi participat.<\/p>\n<p>Certificat de l\u2019ag\u00e8ncia, universitat o empresa que especifiqui les funcions, els \u00e8xits i la participaci\u00f3 concreta en publicacions i projectes.<\/td>\n<\/tr>\n<tr>\n<td width=\"183\">Personal t\u00e8cnic de qualitat o equivalent d\u2019empreses que ofereixin estudis de nivell d\u2019institucions d\u2019educaci\u00f3 superior.<\/p>\n<p>&nbsp;<\/td>\n<td width=\"117\">Pr\u00e0ctiques (6cr).<\/td>\n<td width=\"126\">M\u00ednim de 3 anys desenvolupant funcions pr\u00f2pies.<\/td>\n<td width=\"180\">Vida laboral o equivalent en la qual constin els anys treballats i el detall de les funcions exercides.<\/p>\n<p>Autoinforme que justifiqui les compet\u00e8ncies assolides, relacionades amb les proves que s\u2019aportin.<\/p>\n<p>Guies o documents i recursos publicats en els quals hagi participat.<\/p>\n<p>Certificat de l\u2019ag\u00e8ncia, universitat o empresa que especifiqui les funcions, els \u00e8xits i la participaci\u00f3 concreta en publicacions i projectes.<\/td>\n<\/tr>\n<\/tbody>\n<\/table>\n","protected":false},"excerpt":{"rendered":"<p>Aquest programa de m\u00e0ster podr\u00e0 recon\u00e8ixer fins a un m\u00e0xim de 6 ECTS per l\u2019experi\u00e8ncia professional pr\u00e8via segons el que recull la taula seg\u00fcent: Rol professional Assignatures Requisits Documentaci\u00f3 Personal t\u00e8cnic d\u2019ag\u00e8ncies de qualitat. Pr\u00e0ctiques (6cr). M\u00ednim de 3 anys desenvolupant funcions pr\u00f2pies. Vida laboral o equivalent en la qual constin els anys treballats i [&hellip;]<\/p>\n","protected":false},"author":1,"featured_media":0,"parent":0,"menu_order":0,"comment_status":"closed","ping_status":"closed","template":"","meta":[],"_links":{"self":[{"href":"http:\/\/practiques-qes.recursos.uoc.edu\/guia-per-als-estudiants-de-practiques-professionals\/wp-json\/wp\/v2\/pages\/70"}],"collection":[{"href":"http:\/\/practiques-qes.recursos.uoc.edu\/guia-per-als-estudiants-de-practiques-professionals\/wp-json\/wp\/v2\/pages"}],"about":[{"href":"http:\/\/practiques-qes.recursos.uoc.edu\/guia-per-als-estudiants-de-practiques-professionals\/wp-json\/wp\/v2\/types\/page"}],"author":[{"embeddable":true,"href":"http:\/\/practiques-qes.recursos.uoc.edu\/guia-per-als-estudiants-de-practiques-professionals\/wp-json\/wp\/v2\/users\/1"}],"replies":[{"embeddable":true,"href":"http:\/\/practiques-qes.recursos.uoc.edu\/guia-per-als-estudiants-de-practiques-professionals\/wp-json\/wp\/v2\/comments?post=70"}],"version-history":[{"count":4,"href":"http:\/\/practiques-qes.recursos.uoc.edu\/guia-per-als-estudiants-de-practiques-professionals\/wp-json\/wp\/v2\/pages\/70\/revisions"}],"predecessor-version":[{"id":241,"href":"http:\/\/practiques-qes.recursos.uoc.edu\/guia-per-als-estudiants-de-practiques-professionals\/wp-json\/wp\/v2\/pages\/70\/revisions\/241"}],"wp:attachment":[{"href":"http:\/\/practiques-qes.recursos.uoc.edu\/guia-per-als-estudiants-de-practiques-professionals\/wp-json\/wp\/v2\/media?parent=70"}],"curies":[{"name":"wp","href":"https:\/\/api.w.org\/{rel}","templated":true}]}}