{"id":66,"date":"2019-08-14T12:20:47","date_gmt":"2019-08-14T10:20:47","guid":{"rendered":"http:\/\/practiques-qes.recursos.uoc.edu\/guia-per-als-estudiants-de-practiques-professionals\/?page_id=66"},"modified":"2019-08-14T12:51:00","modified_gmt":"2019-08-14T10:51:00","slug":"4-4-pas-4-conveni-i-matriculacio","status":"publish","type":"page","link":"http:\/\/practiques-qes.recursos.uoc.edu\/guia-per-als-estudiants-de-practiques-professionals\/4-4-pas-4-conveni-i-matriculacio\/","title":{"rendered":"4.5. Pas 4. Conveni i matriculaci\u00f3"},"content":{"rendered":"<p>Heu de tenir una oferta de pr\u00e0ctiques assignada abans de matricular-vos de l\u2019assignatura de Pr\u00e0ctiques externes, llevat de casos excepcionals que s\u2019han d\u2019acordar amb el tutor o la tutora de la UOC. Recordeu que per fer pr\u00e0ctiques heu de tenir una matr\u00edcula activa en la titulaci\u00f3.<\/p>\n<p>L\u2019acord per a la realitzaci\u00f3 de les pr\u00e0ctiques es formalitza mitjan\u00e7ant un conveni de cooperaci\u00f3 educativa entre la Universitat i el centre de pr\u00e0ctiques, o b\u00e9 un protocol d\u2019adhesi\u00f3 (en cas que ja existeixi un conveni marc amb l\u2019empresa). Les pr\u00e0ctiques no es poden comen\u00e7ar fins que aquest conveni no hagi estat signat per totes les parts.<\/p>\n","protected":false},"excerpt":{"rendered":"<p>Heu de tenir una oferta de pr\u00e0ctiques assignada abans de matricular-vos de l\u2019assignatura de Pr\u00e0ctiques externes, llevat de casos excepcionals que s\u2019han d\u2019acordar amb el tutor o la tutora de la UOC. Recordeu que per fer pr\u00e0ctiques heu de tenir una matr\u00edcula activa en la titulaci\u00f3. L\u2019acord per a la realitzaci\u00f3 de les pr\u00e0ctiques es [&hellip;]<\/p>\n","protected":false},"author":1,"featured_media":0,"parent":0,"menu_order":0,"comment_status":"closed","ping_status":"closed","template":"","meta":[],"_links":{"self":[{"href":"http:\/\/practiques-qes.recursos.uoc.edu\/guia-per-als-estudiants-de-practiques-professionals\/wp-json\/wp\/v2\/pages\/66"}],"collection":[{"href":"http:\/\/practiques-qes.recursos.uoc.edu\/guia-per-als-estudiants-de-practiques-professionals\/wp-json\/wp\/v2\/pages"}],"about":[{"href":"http:\/\/practiques-qes.recursos.uoc.edu\/guia-per-als-estudiants-de-practiques-professionals\/wp-json\/wp\/v2\/types\/page"}],"author":[{"embeddable":true,"href":"http:\/\/practiques-qes.recursos.uoc.edu\/guia-per-als-estudiants-de-practiques-professionals\/wp-json\/wp\/v2\/users\/1"}],"replies":[{"embeddable":true,"href":"http:\/\/practiques-qes.recursos.uoc.edu\/guia-per-als-estudiants-de-practiques-professionals\/wp-json\/wp\/v2\/comments?post=66"}],"version-history":[{"count":2,"href":"http:\/\/practiques-qes.recursos.uoc.edu\/guia-per-als-estudiants-de-practiques-professionals\/wp-json\/wp\/v2\/pages\/66\/revisions"}],"predecessor-version":[{"id":120,"href":"http:\/\/practiques-qes.recursos.uoc.edu\/guia-per-als-estudiants-de-practiques-professionals\/wp-json\/wp\/v2\/pages\/66\/revisions\/120"}],"wp:attachment":[{"href":"http:\/\/practiques-qes.recursos.uoc.edu\/guia-per-als-estudiants-de-practiques-professionals\/wp-json\/wp\/v2\/media?parent=66"}],"curies":[{"name":"wp","href":"https:\/\/api.w.org\/{rel}","templated":true}]}}