{"id":38,"date":"2019-08-14T12:03:31","date_gmt":"2019-08-14T10:03:31","guid":{"rendered":"http:\/\/practiques-qes.recursos.uoc.edu\/guia-per-als-estudiants-de-practiques-professionals\/?page_id=38"},"modified":"2019-10-10T12:40:52","modified_gmt":"2019-10-10T10:40:52","slug":"1-introduccio","status":"publish","type":"page","link":"http:\/\/practiques-qes.recursos.uoc.edu\/guia-per-als-estudiants-de-practiques-professionals\/","title":{"rendered":"1. Introducci\u00f3"},"content":{"rendered":"<p>L\u2019assignatura de Pr\u00e0ctiques consisteix en una experi\u00e8ncia professionalitzadora que permet l\u2019estudiant posar en pr\u00e0ctica i consolidar l\u2019assoliment de les compet\u00e8ncies establertes al llarg del m\u00e0ster d\u2019Avaluaci\u00f3 i Gesti\u00f3 de la Qualitat en l\u2019Educaci\u00f3 Superior. Aquesta experi\u00e8ncia s\u2019articula:<\/p>\n<ul>\n<li>al lloc de les pr\u00e0ctiques, per mitj\u00e0 del pla de treball individualitzat acordat amb la tutoria del centre;<\/li>\n<li>i a l\u2019aula virtual de la UOC, mitjan\u00e7ant una s\u00e8rie d\u2019activitats d\u2019aprenentatge, per tal d\u2019integrar i donar sentit als continguts i procediments treballats al llarg de la titulaci\u00f3.<\/li>\n<\/ul>\n<p>Aquesta <strong><em>Guia de Pr\u00e0ctiques<\/em> <\/strong>del m\u00e0ster recull tota la informaci\u00f3 relativa als continguts i al funcionament de l\u2019assignatura, i vol donar resposta a les preguntes m\u00e9s freq\u00fcents que l\u2019estudiant es planteja en el moment de cursar-la. Per aix\u00f2, s\u2019explica amb detall en qu\u00e8 consisteix l\u2019assignatura, els resultats d\u2019aprenentatge que s\u2019han d\u2019assolir, els continguts i l\u2019avaluaci\u00f3, i tamb\u00e9 els tr\u00e0mits i els passos que cal seguir per matricular-se i escollir el centre o la instituci\u00f3 de pr\u00e0ctiques.<\/p>\n","protected":false},"excerpt":{"rendered":"<p>L\u2019assignatura de Pr\u00e0ctiques consisteix en una experi\u00e8ncia professionalitzadora que permet l\u2019estudiant posar en pr\u00e0ctica i consolidar l\u2019assoliment de les compet\u00e8ncies establertes al llarg del m\u00e0ster d\u2019Avaluaci\u00f3 i Gesti\u00f3 de la Qualitat en l\u2019Educaci\u00f3 Superior. Aquesta experi\u00e8ncia s\u2019articula: al lloc de les pr\u00e0ctiques, per mitj\u00e0 del pla de treball individualitzat acordat amb la tutoria del centre; [&hellip;]<\/p>\n","protected":false},"author":1,"featured_media":0,"parent":0,"menu_order":0,"comment_status":"closed","ping_status":"closed","template":"","meta":[],"_links":{"self":[{"href":"http:\/\/practiques-qes.recursos.uoc.edu\/guia-per-als-estudiants-de-practiques-professionals\/wp-json\/wp\/v2\/pages\/38"}],"collection":[{"href":"http:\/\/practiques-qes.recursos.uoc.edu\/guia-per-als-estudiants-de-practiques-professionals\/wp-json\/wp\/v2\/pages"}],"about":[{"href":"http:\/\/practiques-qes.recursos.uoc.edu\/guia-per-als-estudiants-de-practiques-professionals\/wp-json\/wp\/v2\/types\/page"}],"author":[{"embeddable":true,"href":"http:\/\/practiques-qes.recursos.uoc.edu\/guia-per-als-estudiants-de-practiques-professionals\/wp-json\/wp\/v2\/users\/1"}],"replies":[{"embeddable":true,"href":"http:\/\/practiques-qes.recursos.uoc.edu\/guia-per-als-estudiants-de-practiques-professionals\/wp-json\/wp\/v2\/comments?post=38"}],"version-history":[{"count":3,"href":"http:\/\/practiques-qes.recursos.uoc.edu\/guia-per-als-estudiants-de-practiques-professionals\/wp-json\/wp\/v2\/pages\/38\/revisions"}],"predecessor-version":[{"id":229,"href":"http:\/\/practiques-qes.recursos.uoc.edu\/guia-per-als-estudiants-de-practiques-professionals\/wp-json\/wp\/v2\/pages\/38\/revisions\/229"}],"wp:attachment":[{"href":"http:\/\/practiques-qes.recursos.uoc.edu\/guia-per-als-estudiants-de-practiques-professionals\/wp-json\/wp\/v2\/media?parent=38"}],"curies":[{"name":"wp","href":"https:\/\/api.w.org\/{rel}","templated":true}]}}

1. Introducció

<p>L’assignatura de Pràctiques consisteix en una experiència professionalitzadora que permet l’estudiant posar en pràctica i consolidar l’assoliment de les competències establertes al llarg del màster d’Avaluació i Gestió de la Qualitat en l’Educació Superior. Aquesta experiència s’articula:</p>
<ul>
<li>al lloc de les pràctiques, per mitjà del pla de treball individualitzat acordat amb la tutoria del centre;</li>
<li>i a l’aula virtual de la UOC, mitjançant una sèrie d’activitats d’aprenentatge, per tal d’integrar i donar sentit als continguts i procediments treballats al llarg de la titulació.</li>
</ul>
<p>Aquesta <strong><em>Guia de Pràctiques</em> </strong>del màster recull tota la informació relativa als continguts i al funcionament de l’assignatura, i vol donar resposta a les preguntes més freqüents que l’estudiant es planteja en el moment de cursar-la. Per això, s’explica amb detall en què consisteix l’assignatura, els resultats d’aprenentatge que s’han d’assolir, els continguts i l’avaluació, i també els tràmits i els passos que cal seguir per matricular-se i escollir el centre o la institució de pràctiques.</p>

<p>L’assignatura de Pràctiques consisteix en una experiència professionalitzadora que permet l’estudiant posar en pràctica i consolidar l’assoliment de les competències establertes al llarg del màster d’Avaluació i Gestió de la Qualitat en l’Educació Superior. Aquesta experiència s’articula: al lloc de les pràctiques, per mitjà del pla de treball individualitzat acordat amb la tutoria del centre; [&hellip;]</p>
